t f(l) be the third derivative of -l**4/24 - l**3/2 - 5*l**2. What is f(4)?
-7
Suppose 5*d = b + 20, 3*b = -2*d - 0*d + 8. Let c(q) = q + 1. Let y(k) = 3*k + 1. Let r(u) = -c(u) + y(u). What is r(d)?
8
Let o(d) = 2*d - 3. Let n(v) = v**3 - 9*v**2 - v + 16. Let m be n(9). Determine o(m).
11
Let g be (-5)/(-4) + -1 + 58/(-8). Let l(y) = -y**3 - 8*y**2 - 5*y + 4. Give l(g).
-10
Let o be 10/(-2) - (3 + -6). Let u(b) = -b**2 + 3*b + 2. What is u(o)?
-8
Let h(t) = 5*t - 1. Let v(k) = k. Let y(q) = 2*h(q) - 11*v(q). Determine y(-6).
4
Let s be (0/(-1))/(1 + -3). Let a(q) be the second derivative of -2*q + 0*q**2 + 0 - 1/4*q**4 + s*q**3. Give a(1).
-3
Suppose -3*t = 5*q + 2, 5*q + 10 = -0*q - 5*t. Let i(r) be the third derivative of 1/8*r**4 + 0 + 0*r + r**q - 1/60*r**5 - 1/3*r**3. What is i(2)?
0
Let k(v) be the first derivative of v**2/2 + 2*v + 4. Calculate k(-4).
-2
Let y(w) = w**3 - 4*w**2 + 2*w - 2. Suppose 0 = -2*l + 12 - 2. Suppose l*u - 14 = 6. Suppose -3*z - 9 = -4*o - 0*o, -u*o - 3*z + 15 = 0. Give y(o).
-5
Let y(i) be the first derivative of i**4/4 - 5*i**3/3 - 7*i**2/2 + 4*i - 2. Let k = 16 + -10. Let b = 12 - k. Give y(b).
-2
Let k(r) = r - 2. Let j be -4*1/2 + 0. Let a(d) = -4*d - 3. Let z be a(j). Determine k(z).
3
Let k(h) = 2*h**2 + 3*h. Let m be k(-2). Let g(j) be the first derivative of -2*j + 1 - 1/4*j**4 + 2*j**3 - 2*j**m. Give g(5).
3
Let p(t) be the first derivative of 3 + 1/2*t**2 - 10*t. Let w be (-10)/4*(-3 - -1). What is p(w)?
-5
Suppose -2*m = m + 6. Suppose 0 = 2*d - 7*d + 15. Let z(n) = 2*n**3 - 3*n**2 + 4*n**2 - n**3 - 3 + d*n + 5. Calculate z(m).
-8
Let n(h) = -h**2 - 2*h + 1. Let g(y) = 5*y**2 + 20*y + 4. Let v(m) = -g(m) - 6*n(m). Give v(7).
-17
Let d(q) = q - 2 - q - 3 - q. Let y be d(-5). Let p be (4 - y)*(-6)/8. Let n(t) = -t**2 - t - 3. Determine n(p).
-9
Let u = -8 + 3. Let b(n) = 10 - 4 + 7*n + 0*n**2 + n**2. Calculate b(u).
-4
Suppose 3*f - 5*c = 22, 0 = -3*f + 3*c - 5 + 17. Let z(l) = -7*l**3 - 1. Calculate z(f).
6
Let r = 19 - 21. Let t(s) = -3*s**2 - 2*s + 1. Determine t(r).
-7
Let n be (-27)/(-18) - 9/(-2). Suppose r = -4 + n. Let s(b) = -2*b. Calculate s(r).
-4
Let j(a) = 4*a + 4. Let h = -2 - -8. Let l be h*-1*2/4. Determine j(l).
-8
Let s(f) = 288 - 288 - f**2 + 2*f. Give s(2).
0
Let b be (-1*(-2)/24)/1. Let n(a) be the third derivative of 0 - 3*a**2 - b*a**4 + 0*a + 1/60*a**5 + 1/2*a**3. Calculate n(2).
3
Let m be (3 + 5/(-4))/((-3)/12). Let i(a) = a**2 + 5*a - 9. What is i(m)?
5
Let o be 1 - -3 - (-345)/(-90). Let y(v) be the third derivative of 1/24*v**4 + 0 + 2*v**2 + 0*v - o*v**3 - 1/10*v**5. Give y(1).
-6
Let i(t) = t**3 + 1. Let z(x) = -x**2 + 11*x - 25. Let s be z(8). Determine i(s).
0
Let t(n) = -3*n - 6*n + n**2 + 121 - 126. Give t(10).
5
Suppose 0 = 4*w - 7 - 5. Let h(n) = 7 - 2 - 5 + 2*n**w. Determine h(-1).
-2
Let l(b) be the third derivative of -b**6/120 - b**5/12 + b**4/24 + b**3/3 - 5*b**2. What is l(-5)?
-3
Let r = 8 - 5. Let o(b) be the third derivative of b**2 + 0 - 1/3*b**3 + 0*b**4 + 1/60*b**5 + 0*b. Give o(r).
7
Suppose -b - 1 = 0, 0 = 4*n - b - 3*b - 12. Let w(q) = q**3 + 4*q + 5*q**n - 6 - 5*q - q. Determine w(-5).
4
Suppose 2*o + 1 = 5. Suppose 8 - o = 3*k. Let n(w) = 4*w**2 + 2*w + 3*w**k - 6*w**3 + 1 - 6*w**2. What is n(-1)?
6
Let o(n) = 7*n**3 - 2*n**2 - 4*n - 11. Let s(h) = -3*h**3 + h**2 + 2*h + 5. Let j(f) = 2*o(f) + 5*s(f). Let l(t) = -2*t - 11. Let d be l(-7). What is j(d)?
-9
Let a(i) = -i**2 - i - 3. Let c be (-1 + 1)*5/5. Suppose l + 0*l = c. Determine a(l).
-3
Let l(n) = -n**2 - n. Let o(i) = 3*i**2 - i - 1. Let s(w) = -l(w) + o(w). Suppose -4*c = 3*h - 3, 2*h + 5*c + 2 = 4*h. What is s(h)?
3
Let h be (78/(-52))/((-1)/8*2). Let g(n) = n**2 - 8*n + 8. Determine g(h).
-4
Let h(b) = -b**3 + 6*b**2 + b - 6. Suppose -2*j = -6 - 6. Calculate h(j).
0
Let c(v) be the first derivative of -6*v**2 + v - 18. Calculate c(1).
-11
Let f(d) = -2*d**2 - 2*d - 1. Let x(j) = -j**2 + 2*j - 5. Let b be x(4). Let p = b + 11. What is f(p)?
-5
Let p = 4 - -1. Let z(k) = 1 + p - 4 + 2*k - k. Give z(-1).
1
Suppose p + g = -7, p - g + 2 = 3. Let k(a) = 3*a**2 - 7*a - 7. Let y(l) = l**2 - 2*l - 2. Let w(m) = 2*k(m) - 7*y(m). Give w(p).
-9
Let u(z) be the second derivative of z**4/12 + z**3/6 - 5*z. What is u(-2)?
2
Let s(x) = 2*x + 3. Let n(c) = 9*c + 12. Let d(f) = -6*n(f) + 26*s(f). Let b be 1 + -1 + 12/3. What is d(b)?
-2
Let h(r) = r**3 + 0*r**2 + 3*r**2 + 3*r**2 + 6*r + 1. Suppose 0 = -w - 1 + 3. Suppose 2*c = w*t - 2*c + 8, c = 0. Give h(t).
9
Let o(s) be the first derivative of -s**2/2 - s + 25. Let f(t) = t - 5. Let a be f(5). Suppose a = 5*j, 4*j = -2*i - 8 + 4. What is o(i)?
1
Let p(d) = -2*d + 5*d - 2*d. Let z = 6 + -9. Give p(z).
-3
Let a = -1 + 1. Let d(n) be the first derivative of 1/2*n**2 + 1/3*n**3 - 8*n + 1. Calculate d(a).
-8
Let g(p) = p**2 + 6*p + 4. Let j = 11 - 5. Let k be 2/(-4) - (-5)/2. Let t = k - j. Determine g(t).
-4
Suppose -4*i - 12 = -6*i. Let f(g) = g - 5. Determine f(i).
1
Suppose 5*i = 2*k - 10, 3*k + 0*k = i + 15. Let w(b) = -b**2 + 3*b + 3. Let d be w(3). Let q(o) = 4*o - k*o - 6 + 6*o**2 - o**2 - o**d. What is q(5)?
-11
Let i be (1/(-2))/((-3)/24). Let h be ((-6)/i)/(6/8). Let b(w) = -1 + w**2 - 3*w - 3 + 1. Give b(h).
7
Let f(o) = 8*o**3 + 13*o**2 + 12*o - 5. Let p(g) = 7*g**3 + 12*g**2 + 11*g - 5. Let s(w) = -6*f(w) + 7*p(w). Calculate s(-5).
-5
Let x(r) = -4 - 34*r**3 + 4*r + 5*r**2 + 35*r**3 - 1. Suppose 0*t + 2*t - 12 = 0. Let b be 4/((-8)/t) - 1. What is x(b)?
-5
Let q(t) = 6*t**2 + 6*t. Let n(u) = 13*u**2 + 13*u. Let w(a) = 4*n(a) - 9*q(a). Let j = -8 + 6. Determine w(j).
-4
Let f(w) = 14 - 28 + 2*w + 13. Calculate f(2).
3
Let z(q) = -9*q + q**2 + 0 + 8*q + 7 - 8. Let x = 22 + -13. Let k be x/3 + 2/(-2). Determine z(k).
1
Suppose 0 = -2*r - 27 + 15. Let a(t) = -t - 8. Determine a(r).
-2
Let u be (-1 - 0)*1*-5. Suppose u*g = 13 - 3. Let d(t) = -2*t**3 + 3*t**2 - 3*t + 1. Let r(c) = c**3 + c**2 + c + 1. Let y(w) = -d(w) - r(w). Calculate y(g).
-6
Let q = -27 - -28. Let r(o) = -16*o**3 + 2*o - 1. What is r(q)?
-15
Let d(m) = -2*m + 3. Suppose 4*u + 0*v - v + 11 = 0, -2*u - 2*v - 8 = 0. Determine d(u).
9
Let c(g) = 2 - 6 + 0 + g. Let r be (161/21 - 2) + (-2)/3. What is c(r)?
1
Let c(x) = 2*x**3 - 2*x**2 - 3. Let n be c(2). Let l(q) be the second derivative of -q**4/12 + q**3 - q**2 - q. Calculate l(n).
3
Suppose 7*m - 4*p + 7 = 4*m, 5*m - 23 = -2*p. Let q(h) = 1 + m*h - 3*h**2 - 2*h - 2*h**2 - 4*h**3 + 4*h**2. Determine q(-1).
3
Let n be -1*-10*(-1)/2. Let f be 1/(-5) + (-6)/n. Let h(t) = -4*t - 2. Let w(a) = -a - 1. Let d(k) = f*h(k) - 3*w(k). What is d(-4)?
5
Let x = 5 + -12. Let v = -4 - x. Let k(n) = -n - 1. Let c(h) = -h - 1. Let o(t) = -3*c(t) + 2*k(t). Give o(v).
4
Let l(m) = m + 6. Let t(x) = -x**3 - x**2 + x. Let d be t(1). Let i be (-7)/42 + d/(-6). Determine l(i).
6
Let a(g) = -g - 2. Let o = 8 + -3. Suppose -6 - 4 = o*d. Determine a(d).
0
Let q(h) = h**3 - 7*h**2 + h - 5 - 1 + 7*h. Calculate q(6).
6
Let q(j) = 7*j**3 - 7*j**2 + 12*j - 2. Let a(p) = -3*p**3 + 4*p**2 - 6*p + 1. Let b(h) = -5*a(h) - 2*q(h). Determine b(4).
-9
Let h be -2 + (2 - 3 - -4). Let s(n) = -n**2 + 0 + n**3 - 6 - n - h. What is s(0)?
-7
Suppose 3*f + 15 = 0, 0 = 2*m - 0*f + 5*f + 35. Let y(j) = 7*j**2 + 4*j + 2. Let a(x) = -8*x**2 - 4*x - 3. Let k(b) = -6*a(b) - 7*y(b). What is k(m)?
-1
Suppose 15 = 2*f + 3*f. Let y(u) be the second derivative of -1/12*u**4 + 0 + 3/2*u**2 - 3*u - 1/3*u**f. What is y(-4)?
-5
Let w(h) = h - 6. Let c be (16/(-24))/(2/(-9)). Suppose 0 = 5*s - c*f - 35, -4*f - 4 - 10 = -2*s. Give w(s).
1
Let b(c) = -2*c - 1. Let u(s) = -s. Let v(g) = 3*b(g) - 7*u(g). What is v(5)?
2
Let d(j) = j - 1. Let r(y) = -y - 2 + 8 - 5. Let h(z) = 5*d(z) + 4*r(z). Calculate h(1).
0
Let y(g) = -14 + 4*g**2 + 2*g - 2*g**2 + 15 - 10*g**3. Determine y(-1).
11
Let j be (-10)/4*(-324)/90. Let a(z) = -z**2 + 9*z + 2. Determine a(j).
2
Let p(r) = -r + 1 + 1 + 3*r - 5*r**2 + 2*r**2. Let a = -1 + 5. Suppose a*o = -2 + 10. Determine p(o).
-6
Let j(w) be the second derivative of 0 - 1/3*w**3 + w + 0*w**4 - 1/2*w**2 + 1/2*w**5. Give j(-1).
-9
Let d(x) = x**2 + 5*x + 6. Let s be d(-4). Let r(b) = b - 1 - 6*b**2 - 7*b**2 - 5*b**2 + 4*b**s. Give r(1).
-14
Let u = 8 + -15. Let m(g)